{"id":1755,"date":"2018-05-09T10:37:33","date_gmt":"2018-05-09T13:37:33","guid":{"rendered":"https:\/\/fatuscorretora.com.br\/site\/?page_id=1755"},"modified":"2018-09-21T16:32:48","modified_gmt":"2018-09-21T19:32:48","slug":"seguro-odontologico","status":"publish","type":"page","link":"https:\/\/fatuscorretora.com.br\/site\/produtos\/pra-voce\/seguro-odontologico\/","title":{"rendered":"Seguro Odontol\u00f3gico"},"content":{"rendered":"<div class=\"wpb-content-wrapper\"><p>[vc_row full_width=&#8221;stretch_row_content_no_spaces&#8221;][vc_column css=&#8221;.vc_custom_1515939329701{padding-bottom: -70px !important;}&#8221;][vc_single_image image=&#8221;1624&#8243; img_size=&#8221;full&#8221;][\/vc_column][\/vc_row][vc_row css=&#8221;.vc_custom_1515939260233{margin-bottom: 70px !important;}&#8221;][vc_column][insuranced_title title=&#8221;Seguro Odontol\u00f3gico&#8221;][vc_row_inner css=&#8221;.vc_custom_1515979884570{margin-top: 30px !important;padding-right: 100px !important;padding-left: 100px !important;}&#8221;][vc_column_inner width=&#8221;1\/2&#8243; offset=&#8221;vc_hidden-xs&#8221;][insuranced_text_block]<\/p>\n<p style=\"color: #6d96c2;\"><strong>O QUE \u00c9 O SEGURO ODONTOL\u00d3GICO?<\/strong><\/p>\n<p>O seguro odontol\u00f3gico ou plano odontol\u00f3gico tem por objetivo oferecer assist\u00eancia odontol\u00f3gica aos segurados para cuidar da sua sa\u00fade bucal e da suas\u00a0fam\u00edlia. Abrange coberturas diferenciadas e custo inferior aos procedimentos realizados por particulares e garante a prote\u00e7\u00e3o das pessoas contra o risco de incorrerem em despesas odontol\u00f3gicas. Temos v\u00e1rios tipos de planos para atender voc\u00ea e sua fam\u00edlia com a qualidade que voc\u00eas merecem. Por isso, fa\u00e7a o seguro odontol\u00f3gico e comece hoje o seu tratamento bucal.[\/insuranced_text_block][vc_empty_space][insuranced_text_block]<\/p>\n<p style=\"color: #6d96c2;\"><strong>Bradesco Odonto<\/strong><\/p>\n<p>A Bradesco odonto traz para voc\u00ea e sua fam\u00edlia, diversos planos que melhor o atende. O plano odontol\u00f3gico Bradesco cuida da sua sa\u00fade bucal com qualidade, flexibilidade de valores e uma grande rede de atendimento..<\/p>\n<p>Diferenciais e benef\u00edcios:<\/p>\n<p>Reembolso;<br \/>\nAmpla Rede Referenciada;<br \/>\nSem Coparticipa\u00e7\u00e3o;<br \/>\nAssist\u00eancia pessoal 24 horas;<br \/>\nLivre escolha.[\/insuranced_text_block][vc_empty_space][\/vc_column_inner][vc_column_inner width=&#8221;1\/2&#8243; offset=&#8221;vc_hidden-xs&#8221;][insuranced_text_block]<\/p>\n<p style=\"color: #6d96c2;\"><strong>Sulam\u00e9rica Odonto<\/strong><\/p>\n<p>A Sulam\u00e9rica odonto \u00e9 a solu\u00e7\u00e3o sob medida para voc\u00ea e sua fam\u00edlia.\u00a0S\u00e3o diversos planos para sua escolha, os quais se diferenciam por coberturas, rede e valores de reembolso.<\/p>\n<p>Ampla Rede Referenciada;<br \/>\nReembolso no Brasil e exterior;<br \/>\nSem Coparticipa\u00e7\u00e3o;<br \/>\nBenef\u00edcios e coberturas diferenciais;<br \/>\nDescontos de at\u00e9 65% em medicamentos e dermocosm\u00e9ticos e at\u00e9 20% em vacinas.[\/insuranced_text_block][vc_empty_space][insuranced_text_block]<\/p>\n<p style=\"color: #6d96c2;\"><strong>Amil Odonto<\/strong><\/p>\n<p>O Plano Amil Dental 200 Doc oferece cobertura integral para o rol de procedimentos da ANS (Ag\u00eancia Nacional de Sa\u00fade Suplementar) e mais procedimentos extras, nas seguintes especialidades:<\/p>\n<p>Diferenciais e benef\u00edcios:<\/p>\n<ul>\n<li>Ampla rede referenciada;<\/li>\n<li>Teleatendimento 24 horas por dia;<\/li>\n<li>Aprova\u00e7\u00e3o online dos tratamentos cobertos;<\/li>\n<li>Reembolso;<\/li>\n<li>Carteirinha virtual;<\/li>\n<li>Car\u00eancia de apenas 24h para pagamentos no cart\u00e3o de cr\u00e9dito ou boleto anual;<\/li>\n<\/ul>\n<p>[\/insuranced_text_block][vc_empty_space][\/vc_column_inner][\/vc_row_inner][vc_row_inner css=&#8221;.vc_custom_1515979884570{margin-top: 30px !important;padding-right: 100px !important;padding-left: 100px !important;}&#8221;][vc_column_inner width=&#8221;1\/2&#8243; offset=&#8221;vc_hidden-xs&#8221;][insuranced_button align=&#8221;left&#8221; button=&#8221;url:http%3A%2F%2Fsulamericaodonto.com.br%2Ffatus|title:Cota%C3%A7%C3%A3o%20Online|target:%20_blank|&#8221; color=&#8221;#fcfcfc&#8221; bgcolor=&#8221;#4486bf&#8221; css=&#8221;.vc_custom_1524962173012{margin-bottom: 35px !important;}&#8221;][\/vc_column_inner][vc_column_inner width=&#8221;1\/2&#8243; offset=&#8221;vc_hidden-xs&#8221;][insuranced_button align=&#8221;left&#8221; button=&#8221;url:http%3A%2F%2Ffatuscorretora.com.br%2Fsite%2Fcotacao-com-o-corretor-odonto%2F|title:Cota%C3%A7%C3%A3o%20com%20a%20Fatus||&#8221; color=&#8221;#fcfcfc&#8221; bgcolor=&#8221;#4486bf&#8221;][\/vc_column_inner][\/vc_row_inner][vc_row_inner css=&#8221;.vc_custom_1522017505812{margin-top: 30px !important;padding-right: 10px !important;padding-left: 10px !important;}&#8221;][vc_column_inner width=&#8221;1\/2&#8243; offset=&#8221;vc_hidden-lg vc_hidden-md vc_hidden-sm&#8221;][insuranced_text_block]<\/p>\n<p style=\"color: #6d96c2;\"><strong>O QUE \u00c9 O SEGURO ODONTOL\u00d3GICO?<\/strong><\/p>\n<p>O seguro odontol\u00f3gico ou plano odontol\u00f3gico tem por objetivo oferecer assist\u00eancia odontol\u00f3gica aos segurados para cuidar da sa\u00fade bucal dos seus\u00a0colaboradores. Abrange coberturas diferenciadas e custo inferior aos procedimentos realizados por particulares e garante a prote\u00e7\u00e3o das pessoas contra o risco de incorrerem em despesas odontol\u00f3gicas. Temos v\u00e1rios tipos de planos para atender voc\u00ea e sua equipe com a qualidade que voc\u00eas merecem. Por isso, fa\u00e7a o seguro odontol\u00f3gico para sua empresa tamb\u00e9m.[\/insuranced_text_block][vc_empty_space][insuranced_text_block]<\/p>\n<p style=\"color: #6d96c2;\"><strong>Bradesco Odonto<\/strong><\/p>\n<p>A Bradesco odonto traz para sua empresa solu\u00e7\u00f5es especiais e adequadas para seu neg\u00f3cio. O plano odontol\u00f3gico Bradesco cuida da sua sa\u00fade bucal com qualidade, flexibilidade de valores e uma grande rede de atendimento..<br \/>\nO Seguro-odonto est\u00e1 dispon\u00edvel para grupos a partir de 03 vidas.<br \/>\nDiferenciais e benef\u00edcios:<\/p>\n<p>Reembolso;<br \/>\nAmpla Rede Referenciada;<br \/>\nSem Coparticipa\u00e7\u00e3o;<br \/>\nAssist\u00eancia pessoal 24 horas;<br \/>\nLivre escolha.[\/insuranced_text_block][\/vc_column_inner][vc_column_inner width=&#8221;1\/2&#8243; offset=&#8221;vc_hidden-lg vc_hidden-md vc_hidden-sm&#8221;][insuranced_text_block]<\/p>\n<p style=\"color: #6d96c2;\"><strong>Sulam\u00e9rica Odonto<\/strong><\/p>\n<p>A Sulam\u00e9rica odonto \u00e9 a solu\u00e7\u00e3o sob medida para empresas a partir de 03 vidas \u2013 PME e PME Mais.\u00a0S\u00e3o diversos planos para sua escolha, os quais se diferenciam por coberturas, rede e valores de reembolso.<\/p>\n<p>Ampla Rede Referenciada;<br \/>\nReembolso no Brasil e exterior;<br \/>\nSem Coparticipa\u00e7\u00e3o;<br \/>\nSem Car\u00eancia;<br \/>\nBenef\u00edcios e coberturas diferenciais;<br \/>\nDescontos de at\u00e9 65% em medicamentos e dermocosm\u00e9ticos e at\u00e9 20% em vacinas.[\/insuranced_text_block][vc_empty_space][insuranced_text_block]<\/p>\n<p style=\"color: #6d96c2;\"><strong>Porto Seguro Odonto<\/strong><\/p>\n<p>A partir de 04 vidas, voc\u00ea pode aderir ao Porto Seguro Odonto empresarial para voc\u00ea e seus funcion\u00e1rios.<\/p>\n<p>Diferenciais e benef\u00edcios:<\/p>\n<p>Reembolso;<br \/>\nAmpla Rede Referenciada.[\/insuranced_text_block][vc_empty_space][insuranced_button align=&#8221;left&#8221; button=&#8221;url:http%3A%2F%2Fsulamericaodonto.com.br%2Ffatus|title:Fa%C3%A7a%20sua%20Cota%C3%A7%C3%A3o%20Online!|target:%20_blank|&#8221; color=&#8221;#fcfcfc&#8221; bgcolor=&#8221;#4486bf&#8221;][insuranced_button align=&#8221;left&#8221; button=&#8221;url:http%3A%2F%2Ffatuscorretora.com.br%2Fsite%2Fcotacao-com-o-corretor-odonto%2F|title:Cota%C3%A7%C3%A3o%20com%20a%20Fatus||&#8221; color=&#8221;#fcfcfc&#8221; bgcolor=&#8221;#4486bf&#8221; css=&#8221;.vc_custom_1537558095230{margin-top: 35px !important;}&#8221;][\/vc_column_inner][\/vc_row_inner][vc_empty_space][insuranced_text]<\/p>\n<p style=\"color: #6d96c2; text-align: center;\"><strong>CONSULTE-NOS PARA SABER MAIORES INFORMA\u00c7\u00d5ES SOBRE AS COBERTURAS DE CADA PRODUTO.<\/strong><\/p>\n<p>[\/insuranced_text][\/vc_column][\/vc_row]<\/p>\n<\/div>","protected":false},"excerpt":{"rendered":"<p>[vc_row full_width=&#8221;stretch_row_content_no_spaces&#8221;][vc_column css=&#8221;.vc_custom_1515939329701{padding-bottom: -70px !important;}&#8221;][vc_single_image image=&#8221;1624&#8243; img_size=&#8221;full&#8221;][\/vc_column][\/vc_row][vc_row css=&#8221;.vc_custom_1515939260233{margin-bottom: 70px !important;}&#8221;][vc_column][insuranced_title title=&#8221;Seguro Odontol\u00f3gico&#8221;][vc_row_inner css=&#8221;.vc_custom_1515979884570{margin-top: 30px !important;padding-right: 100px !important;padding-left: 100px !important;}&#8221;][vc_column_inner width=&#8221;1\/2&#8243; offset=&#8221;vc_hidden-xs&#8221;][insuranced_text_block] O QUE \u00c9 O SEGURO ODONTOL\u00d3GICO? O seguro odontol\u00f3gico ou plano odontol\u00f3gico tem por objetivo oferecer assist\u00eancia odontol\u00f3gica aos segurados para cuidar da sua sa\u00fade bucal e da suas\u00a0fam\u00edlia. Abrange coberturas diferenciadas e custo [&hellip;]<\/p>\n","protected":false},"author":1,"featured_media":0,"parent":660,"menu_order":0,"comment_status":"closed","ping_status":"closed","template":"","meta":{"_exactmetrics_skip_tracking":false,"_exactmetrics_sitenote_active":false,"_exactmetrics_sitenote_note":"","_exactmetrics_sitenote_category":0,"footnotes":""},"class_list":["post-1755","page","type-page","status-publish","hentry"],"_links":{"self":[{"href":"https:\/\/fatuscorretora.com.br\/site\/wp-json\/wp\/v2\/pages\/1755","targetHints":{"allow":["GET"]}}],"collection":[{"href":"https:\/\/fatuscorretora.com.br\/site\/wp-json\/wp\/v2\/pages"}],"about":[{"href":"https:\/\/fatuscorretora.com.br\/site\/wp-json\/wp\/v2\/types\/page"}],"author":[{"embeddable":true,"href":"https:\/\/fatuscorretora.com.br\/site\/wp-json\/wp\/v2\/users\/1"}],"replies":[{"embeddable":true,"href":"https:\/\/fatuscorretora.com.br\/site\/wp-json\/wp\/v2\/comments?post=1755"}],"version-history":[{"count":3,"href":"https:\/\/fatuscorretora.com.br\/site\/wp-json\/wp\/v2\/pages\/1755\/revisions"}],"predecessor-version":[{"id":1928,"href":"https:\/\/fatuscorretora.com.br\/site\/wp-json\/wp\/v2\/pages\/1755\/revisions\/1928"}],"up":[{"embeddable":true,"href":"https:\/\/fatuscorretora.com.br\/site\/wp-json\/wp\/v2\/pages\/660"}],"wp:attachment":[{"href":"https:\/\/fatuscorretora.com.br\/site\/wp-json\/wp\/v2\/media?parent=1755"}],"curies":[{"name":"wp","href":"https:\/\/api.w.org\/{rel}","templated":true}]}}