{"id":1806,"date":"2018-07-11T09:21:57","date_gmt":"2018-07-11T12:21:57","guid":{"rendered":"https:\/\/fatuscorretora.com.br\/site\/?page_id=1806"},"modified":"2018-09-21T16:17:57","modified_gmt":"2018-09-21T19:17:57","slug":"cotacao-com-o-corretor-saude","status":"publish","type":"page","link":"https:\/\/fatuscorretora.com.br\/site\/cotacao-com-o-corretor-saude\/","title":{"rendered":"Cota\u00e7\u00e3o com a Fatus (Sa\u00fade)"},"content":{"rendered":"<div class=\"wpb-content-wrapper\"><p>[vc_row][vc_column][insuranced_contact_form_tabs2 items=&#8221;%5B%7B%22tabtitle%22%3A%22Cota%C3%A7%C3%A3o%22%2C%22form%22%3A%221792%22%2C%22image%22%3A%221803%22%7D%5D&#8221;][\/vc_column][\/vc_row]<\/p>\n<\/div>","protected":false},"excerpt":{"rendered":"<p>[vc_row][vc_column][insuranced_contact_form_tabs2 items=&#8221;%5B%7B%22tabtitle%22%3A%22Cota%C3%A7%C3%A3o%22%2C%22form%22%3A%221792%22%2C%22image%22%3A%221803%22%7D%5D&#8221;][\/vc_column][\/vc_row]<\/p>\n","protected":false},"author":1,"featured_media":0,"parent":0,"menu_order":0,"comment_status":"closed","ping_status":"closed","template":"","meta":{"_exactmetrics_skip_tracking":false,"_exactmetrics_sitenote_active":false,"_exactmetrics_sitenote_note":"","_exactmetrics_sitenote_category":0,"footnotes":""},"class_list":["post-1806","page","type-page","status-publish","hentry"],"_links":{"self":[{"href":"https:\/\/fatuscorretora.com.br\/site\/wp-json\/wp\/v2\/pages\/1806","targetHints":{"allow":["GET"]}}],"collection":[{"href":"https:\/\/fatuscorretora.com.br\/site\/wp-json\/wp\/v2\/pages"}],"about":[{"href":"https:\/\/fatuscorretora.com.br\/site\/wp-json\/wp\/v2\/types\/page"}],"author":[{"embeddable":true,"href":"https:\/\/fatuscorretora.com.br\/site\/wp-json\/wp\/v2\/users\/1"}],"replies":[{"embeddable":true,"href":"https:\/\/fatuscorretora.com.br\/site\/wp-json\/wp\/v2\/comments?post=1806"}],"version-history":[{"count":3,"href":"https:\/\/fatuscorretora.com.br\/site\/wp-json\/wp\/v2\/pages\/1806\/revisions"}],"predecessor-version":[{"id":1919,"href":"https:\/\/fatuscorretora.com.br\/site\/wp-json\/wp\/v2\/pages\/1806\/revisions\/1919"}],"wp:attachment":[{"href":"https:\/\/fatuscorretora.com.br\/site\/wp-json\/wp\/v2\/media?parent=1806"}],"curies":[{"name":"wp","href":"https:\/\/api.w.org\/{rel}","templated":true}]}}