{"id":2337,"date":"2019-05-02T11:13:04","date_gmt":"2019-05-02T14:13:04","guid":{"rendered":"https:\/\/fatuscorretora.com.br\/site\/?page_id=2337"},"modified":"2019-05-02T15:36:09","modified_gmt":"2019-05-02T18:36:09","slug":"financiamento","status":"publish","type":"page","link":"https:\/\/fatuscorretora.com.br\/site\/produtos\/pra-voce\/financiamento\/","title":{"rendered":"Financiamento"},"content":{"rendered":"<div class=\"wpb-content-wrapper\"><p>[vc_row full_width=&#8221;stretch_row_content_no_spaces&#8221;][vc_column 0=&#8221;&#8221;][vc_single_image image=&#8221;2349&#8243; img_size=&#8221;full&#8221;][\/vc_column][\/vc_row][vc_row 0=&#8221;&#8221;][vc_column 0=&#8221;&#8221;][insuranced_title title=&#8221;Financiamento&#8221;][\/vc_column][\/vc_row][vc_row 0=&#8221;&#8221;][vc_column width=&#8221;1\/2&#8243;][insuranced_text_block title_tag=&#8221;h2&#8243;]<\/p>\n<p style=\"color: #6d96c2;\"><strong>FINANCIAMENTO DE VE\u00cdCULOS<\/strong><\/p>\n<p>Trata-se de um cr\u00e9dito para aquisi\u00e7\u00e3o de ve\u00edculos de passeio e utilit\u00e1rios, novos e usados, com a op\u00e7\u00e3o de somar ao valor financiado os gastos com acess\u00f3rios, at\u00e9 10% do valor de mercado somente para ve\u00edculo 0km. O acess\u00f3rio pode ser adquirido em revenda ou concession\u00e1ria, desde que seja apresentada a nota fiscal de compra do equipamento. Para o veiculo \u201c \u00f4nibus e caminh\u00e3o\u201d n\u00e3o temos aceita\u00e7\u00e3o, ou seja, n\u00e3o financiamos.<br \/>\n(Porto Seguro)[\/insuranced_text_block][\/vc_column][vc_column width=&#8221;1\/2&#8243;][insuranced_text_block 0=&#8221;&#8221;]<\/p>\n<p style=\"color: #6d96c2;\"><strong>COMO FUNCIONA?<\/strong><\/p>\n<p>PF com ou sem relacionamento, taxas personalizadas por perfil, a partir de 0,75% ao m\u00eas, para ve\u00edculos com at\u00e9 10 anos de fabrica\u00e7\u00e3o (passeio e utilit\u00e1rio), com parcelas at\u00e9 60 meses.<\/p>\n<p><strong>Oportunidades:<\/strong><br \/>\nTaxas imbat\u00edveis para seminovos;<br \/>\nConcession\u00e1rias e lojas multimarcas;<br \/>\nFrotas de ve\u00edculos PJ;<br \/>\nAuto Escolas, lojas de aluguel de carros.<br \/>\nA\u00e7\u00e3o de crosseling na base Auto Porto, Azul e Cart\u00e3o de Cr\u00e9dito para oferta do produto.[\/insuranced_text_block][\/vc_column][\/vc_row][vc_row 0=&#8221;&#8221;][vc_column 0=&#8221;&#8221;][vc_empty_space 0=&#8221;&#8221;][\/vc_column][\/vc_row][vc_row 0=&#8221;&#8221;][vc_column 0=&#8221;&#8221;][insuranced_text 0=&#8221;&#8221;]<\/p>\n<p style=\"color: #6d96c2; text-align: center;\"><strong>ANTES DE COMPRAR O SEU VE\u00cdCULO NOVO OU SE PRECISAR REFINANCIAR, FALE CONOSCO!<\/strong><\/p>\n<p>[\/insuranced_text][\/vc_column][\/vc_row][vc_row 0=&#8221;&#8221;][vc_column 0=&#8221;&#8221;][vc_empty_space height=&#8221;60px&#8221;][\/vc_column][\/vc_row]<\/p>\n<\/div>","protected":false},"excerpt":{"rendered":"<p>[vc_row full_width=&#8221;stretch_row_content_no_spaces&#8221;][vc_column 0=&#8221;&#8221;][vc_single_image image=&#8221;2349&#8243; img_size=&#8221;full&#8221;][\/vc_column][\/vc_row][vc_row 0=&#8221;&#8221;][vc_column 0=&#8221;&#8221;][insuranced_title title=&#8221;Financiamento&#8221;][\/vc_column][\/vc_row][vc_row 0=&#8221;&#8221;][vc_column width=&#8221;1\/2&#8243;][insuranced_text_block title_tag=&#8221;h2&#8243;] FINANCIAMENTO DE VE\u00cdCULOS Trata-se de um cr\u00e9dito para aquisi\u00e7\u00e3o de ve\u00edculos de passeio e utilit\u00e1rios, novos e usados, com a op\u00e7\u00e3o de somar ao valor financiado os gastos com acess\u00f3rios, at\u00e9 10% do valor de mercado somente para ve\u00edculo 0km. O acess\u00f3rio pode ser [&hellip;]<\/p>\n","protected":false},"author":1,"featured_media":0,"parent":660,"menu_order":0,"comment_status":"closed","ping_status":"closed","template":"","meta":{"_exactmetrics_skip_tracking":false,"_exactmetrics_sitenote_active":false,"_exactmetrics_sitenote_note":"","_exactmetrics_sitenote_category":0,"footnotes":""},"class_list":["post-2337","page","type-page","status-publish","hentry"],"_links":{"self":[{"href":"https:\/\/fatuscorretora.com.br\/site\/wp-json\/wp\/v2\/pages\/2337","targetHints":{"allow":["GET"]}}],"collection":[{"href":"https:\/\/fatuscorretora.com.br\/site\/wp-json\/wp\/v2\/pages"}],"about":[{"href":"https:\/\/fatuscorretora.com.br\/site\/wp-json\/wp\/v2\/types\/page"}],"author":[{"embeddable":true,"href":"https:\/\/fatuscorretora.com.br\/site\/wp-json\/wp\/v2\/users\/1"}],"replies":[{"embeddable":true,"href":"https:\/\/fatuscorretora.com.br\/site\/wp-json\/wp\/v2\/comments?post=2337"}],"version-history":[{"count":10,"href":"https:\/\/fatuscorretora.com.br\/site\/wp-json\/wp\/v2\/pages\/2337\/revisions"}],"predecessor-version":[{"id":2350,"href":"https:\/\/fatuscorretora.com.br\/site\/wp-json\/wp\/v2\/pages\/2337\/revisions\/2350"}],"up":[{"embeddable":true,"href":"https:\/\/fatuscorretora.com.br\/site\/wp-json\/wp\/v2\/pages\/660"}],"wp:attachment":[{"href":"https:\/\/fatuscorretora.com.br\/site\/wp-json\/wp\/v2\/media?parent=2337"}],"curies":[{"name":"wp","href":"https:\/\/api.w.org\/{rel}","templated":true}]}}