{"id":567,"date":"2018-01-14T22:22:01","date_gmt":"2018-01-15T01:22:01","guid":{"rendered":"http:\/\/fatuscorretora.com.br\/homolog\/?page_id=567"},"modified":"2018-02-18T12:26:12","modified_gmt":"2018-02-18T15:26:12","slug":"seguro-auto","status":"publish","type":"page","link":"https:\/\/fatuscorretora.com.br\/site\/produtos\/pra-voce\/seguro-auto\/","title":{"rendered":"Seguro AUTO"},"content":{"rendered":"<div class=\"wpb-content-wrapper\"><p>[vc_row full_width=&#8221;stretch_row_content_no_spaces&#8221; el_class=&#8221;imgSeguro&#8221; css=&#8221;.vc_custom_1518967360866{margin-bottom: 130px !important;}&#8221;][vc_column offset=&#8221;vc_hidden-xs&#8221;][vc_single_image image=&#8221;1461&#8243; img_size=&#8221;full&#8221;][\/vc_column][\/vc_row][vc_row full_width=&#8221;stretch_row_content_no_spaces&#8221; el_class=&#8221;imgSeguro&#8221; css=&#8221;.vc_custom_1518967319223{margin-bottom: 10px !important;}&#8221;][vc_column offset=&#8221;vc_hidden-lg vc_hidden-md vc_hidden-sm&#8221;][vc_single_image image=&#8221;1461&#8243; img_size=&#8221;full&#8221;][\/vc_column][\/vc_row][vc_row css=&#8221;.vc_custom_1515939260233{margin-bottom: 70px !important;}&#8221;][vc_column 0=&#8221;&#8221;][insuranced_title title=&#8221;Seguro AUTO&#8221;][vc_row_inner css=&#8221;.vc_custom_1515980004295{padding-right: 100px !important;padding-left: 100px !important;}&#8221;][vc_column_inner width=&#8221;1\/2&#8243; offset=&#8221;vc_hidden-xs&#8221;][insuranced_text_block 0=&#8221;&#8221;]<\/p>\n<p style=\"color: #6d96c2;\"><strong>O QUE \u00c9 UM SEGURO AUTO?<\/strong><\/p>\n<p>O seguro de um autom\u00f3vel \u00e9 uma prote\u00e7\u00e3o para o seu carro e para voc\u00ea. Com ele, voc\u00ea garante tranq\u00fcilidade para conduzir seu carro e sabe que estar\u00e1 contando com um servi\u00e7o disposto a te amparar em diversas situa\u00e7\u00f5es, desde acidentes at\u00e9 roubos.<\/p>\n<p>Al\u00e9m das diversas prote\u00e7\u00f5es que o seguro te oferece, diversos planos contam com muitos benef\u00edcios que voc\u00ea pode acionar como chaveiro, motorista da vez, troca de pneus, entre outros.[\/insuranced_text_block][\/vc_column_inner][vc_column_inner width=&#8221;1\/2&#8243; offset=&#8221;vc_hidden-xs&#8221;][insuranced_text_block 0=&#8221;&#8221;]<\/p>\n<p style=\"color: #6d96c2;\"><b>COBERTURAS B\u00c1SICAS<\/b><\/p>\n<p><strong>Batidas e colis\u00f5es:<\/strong> Perda parcial ou integral devido a batidas e\/ou colis\u00f5es.<\/p>\n<p><strong>Roubo e furto:<\/strong> Roubo ou furto e suas conseq\u00fc\u00eancias.<\/p>\n<p><strong>Danos da natureza e inc\u00eandio:<\/strong> Enchentes, inunda\u00e7\u00e3o, granizo, furac\u00e3o, terremoto, quedas de \u00e1rvores, temporais, inc\u00eandio, etc.<\/p>\n<p><strong>Assist\u00eancia 24 horas:<\/strong> Presta\u00e7\u00e3o de servi\u00e7os de assist\u00eancia ao autom\u00f3vel, bem como guincho para problemas el\u00e9tricos ou mec\u00e2nicos.[\/insuranced_text_block][\/vc_column_inner][\/vc_row_inner][vc_row_inner css=&#8221;.vc_custom_1517405945596{padding-right: 10px !important;padding-left: 10px !important;}&#8221;][vc_column_inner width=&#8221;1\/2&#8243; offset=&#8221;vc_hidden-lg vc_hidden-md vc_hidden-sm&#8221;][insuranced_text_block 0=&#8221;&#8221;]<\/p>\n<p style=\"color: #6d96c2;\"><strong>O QUE \u00c9 UM SEGURO AUTO?<\/strong><\/p>\n<p>O seguro de um autom\u00f3vel \u00e9 uma prote\u00e7\u00e3o para o seu carro e para voc\u00ea. Com ele, voc\u00ea garante tranq\u00fcilidade para conduzir seu carro e sabe que estar\u00e1 contando com um servi\u00e7o disposto a te amparar em diversas situa\u00e7\u00f5es, desde acidentes at\u00e9 roubos.<\/p>\n<p>Al\u00e9m das diversas prote\u00e7\u00f5es que o seguro te oferece, diversos planos contam com muitos benef\u00edcios que voc\u00ea pode acionar como chaveiro, motorista da vez, troca de pneus, entre outros.[\/insuranced_text_block][\/vc_column_inner][vc_column_inner width=&#8221;1\/2&#8243; offset=&#8221;vc_hidden-lg vc_hidden-md vc_hidden-sm&#8221;][insuranced_text_block 0=&#8221;&#8221;]<\/p>\n<p style=\"color: #6d96c2;\"><b>COBERTURAS B\u00c1SICAS<\/b><\/p>\n<p><strong>Batidas e colis\u00f5es:<\/strong> Perda parcial ou integral devido a batidas e\/ou colis\u00f5es.<\/p>\n<p><strong>Roubo e furto:<\/strong> Roubo ou furto e suas conseq\u00fc\u00eancias.<\/p>\n<p><strong>Danos da natureza e inc\u00eandio:<\/strong> Enchentes, inunda\u00e7\u00e3o, granizo, furac\u00e3o, terremoto, quedas de \u00e1rvores, temporais, inc\u00eandio, etc.<\/p>\n<p><strong>Assist\u00eancia 24 horas:<\/strong> Presta\u00e7\u00e3o de servi\u00e7os de assist\u00eancia ao autom\u00f3vel, bem como guincho para problemas el\u00e9tricos ou mec\u00e2nicos.[\/insuranced_text_block][\/vc_column_inner][\/vc_row_inner][vc_row_inner css=&#8221;.vc_custom_1515980013516{margin-top: 30px !important;padding-right: 100px !important;padding-left: 100px !important;}&#8221;][vc_column_inner width=&#8221;1\/2&#8243; offset=&#8221;vc_hidden-xs&#8221;][insuranced_text_block 0=&#8221;&#8221;]<\/p>\n<p style=\"color: #6d96c2;\"><strong>COBERTURAS ADICIONAIS<\/strong><\/p>\n<p><strong>Carro reserva:<\/strong> Caso o segurado fique sem ve\u00edculo devido a um sinistro, ele pode<br \/>\ncontratar esse servi\u00e7o e ficar com um carro reserva para que possa se locomover com tranq\u00fcilidade.<\/p>\n<p><strong>Cobertura de vidros:<\/strong> Protege os vidros laterais, dianteiros e traseiros. Contratando uma cobertura mais completa, pode englobar ainda as lanternas, far\u00f3is e os retrovisores.<\/p>\n<p><strong>Danos a terceiros:<\/strong> Caso voc\u00ea atinja o carro de outra pessoa, ela garante a indeniza\u00e7\u00e3o dos valores.<\/p>\n<p><strong>Danos corporais a terceiros:<\/strong> Protege as pessoas que voc\u00ea feriu em um acidente, atropelamento, etc.[\/insuranced_text_block][\/vc_column_inner][vc_column_inner width=&#8221;1\/2&#8243; offset=&#8221;vc_hidden-xs&#8221;][\/vc_column_inner][\/vc_row_inner][vc_row_inner css=&#8221;.vc_custom_1517405993764{margin-top: 30px !important;padding-right: 10px !important;padding-left: 10px !important;}&#8221;][vc_column_inner width=&#8221;1\/2&#8243; offset=&#8221;vc_hidden-lg vc_hidden-md vc_hidden-sm&#8221;][insuranced_text_block 0=&#8221;&#8221;]<\/p>\n<p style=\"color: #6d96c2;\"><strong>COBERTURAS ADICIONAIS<\/strong><\/p>\n<p><strong>Carro reserva:<\/strong> Caso o segurado fique sem ve\u00edculo devido a um sinistro, ele pode<br \/>\ncontratar esse servi\u00e7o e ficar com um carro reserva para que possa se locomover com tranq\u00fcilidade.<\/p>\n<p><strong>Cobertura de vidros:<\/strong> Protege os vidros laterais, dianteiros e traseiros. Contratando uma cobertura mais completa, pode englobar ainda as lanternas, far\u00f3is e os retrovisores.<\/p>\n<p><strong>Danos a terceiros:<\/strong> Caso voc\u00ea atinja o carro de outra pessoa, ela garante a indeniza\u00e7\u00e3o dos valores.<\/p>\n<p><strong>Danos corporais a terceiros:<\/strong> Protege as pessoas que voc\u00ea feriu em um acidente, atropelamento, etc.[\/insuranced_text_block][\/vc_column_inner][vc_column_inner width=&#8221;1\/2&#8243; offset=&#8221;vc_hidden-lg vc_hidden-md vc_hidden-sm&#8221;][\/vc_column_inner][\/vc_row_inner][\/vc_column][\/vc_row][vc_row 0=&#8221;&#8221;][vc_column 0=&#8221;&#8221; offset=&#8221;vc_hidden-xs&#8221;][insuranced_contact_form_tabs2 items=&#8221;%5B%7B%22tabtitle%22%3A%22Cote%20agora%22%2C%22form%22%3A%221073%22%2C%22image%22%3A%221274%22%7D%5D&#8221;][\/vc_column][\/vc_row][vc_row 0=&#8221;&#8221;][vc_column 0=&#8221;&#8221; offset=&#8221;vc_hidden-lg vc_hidden-md vc_hidden-sm&#8221;][insuranced_contact_form_tabs2 items=&#8221;%5B%7B%22tabtitle%22%3A%22Cote%20agora%22%2C%22form%22%3A%221396%22%2C%22image%22%3A%221274%22%7D%5D&#8221;][\/vc_column][\/vc_row]<\/p>\n<\/div>","protected":false},"excerpt":{"rendered":"<p>[vc_row full_width=&#8221;stretch_row_content_no_spaces&#8221; el_class=&#8221;imgSeguro&#8221; css=&#8221;.vc_custom_1518967360866{margin-bottom: 130px !important;}&#8221;][vc_column offset=&#8221;vc_hidden-xs&#8221;][vc_single_image image=&#8221;1461&#8243; img_size=&#8221;full&#8221;][\/vc_column][\/vc_row][vc_row full_width=&#8221;stretch_row_content_no_spaces&#8221; el_class=&#8221;imgSeguro&#8221; css=&#8221;.vc_custom_1518967319223{margin-bottom: 10px !important;}&#8221;][vc_column offset=&#8221;vc_hidden-lg vc_hidden-md vc_hidden-sm&#8221;][vc_single_image image=&#8221;1461&#8243; img_size=&#8221;full&#8221;][\/vc_column][\/vc_row][vc_row css=&#8221;.vc_custom_1515939260233{margin-bottom: 70px !important;}&#8221;][vc_column 0=&#8221;&#8221;][insuranced_title title=&#8221;Seguro AUTO&#8221;][vc_row_inner css=&#8221;.vc_custom_1515980004295{padding-right: 100px !important;padding-left: 100px !important;}&#8221;][vc_column_inner width=&#8221;1\/2&#8243; offset=&#8221;vc_hidden-xs&#8221;][insuranced_text_block 0=&#8221;&#8221;] O QUE \u00c9 UM SEGURO AUTO? O seguro de um autom\u00f3vel \u00e9 uma prote\u00e7\u00e3o para o seu carro e para voc\u00ea. Com [&hellip;]<\/p>\n","protected":false},"author":1,"featured_media":0,"parent":660,"menu_order":0,"comment_status":"closed","ping_status":"closed","template":"","meta":{"_exactmetrics_skip_tracking":false,"_exactmetrics_sitenote_active":false,"_exactmetrics_sitenote_note":"","_exactmetrics_sitenote_category":0,"footnotes":""},"class_list":["post-567","page","type-page","status-publish","hentry"],"_links":{"self":[{"href":"https:\/\/fatuscorretora.com.br\/site\/wp-json\/wp\/v2\/pages\/567","targetHints":{"allow":["GET"]}}],"collection":[{"href":"https:\/\/fatuscorretora.com.br\/site\/wp-json\/wp\/v2\/pages"}],"about":[{"href":"https:\/\/fatuscorretora.com.br\/site\/wp-json\/wp\/v2\/types\/page"}],"author":[{"embeddable":true,"href":"https:\/\/fatuscorretora.com.br\/site\/wp-json\/wp\/v2\/users\/1"}],"replies":[{"embeddable":true,"href":"https:\/\/fatuscorretora.com.br\/site\/wp-json\/wp\/v2\/comments?post=567"}],"version-history":[{"count":14,"href":"https:\/\/fatuscorretora.com.br\/site\/wp-json\/wp\/v2\/pages\/567\/revisions"}],"predecessor-version":[{"id":1492,"href":"https:\/\/fatuscorretora.com.br\/site\/wp-json\/wp\/v2\/pages\/567\/revisions\/1492"}],"up":[{"embeddable":true,"href":"https:\/\/fatuscorretora.com.br\/site\/wp-json\/wp\/v2\/pages\/660"}],"wp:attachment":[{"href":"https:\/\/fatuscorretora.com.br\/site\/wp-json\/wp\/v2\/media?parent=567"}],"curies":[{"name":"wp","href":"https:\/\/api.w.org\/{rel}","templated":true}]}}