{"id":572,"date":"2018-01-14T22:25:19","date_gmt":"2018-01-15T01:25:19","guid":{"rendered":"http:\/\/fatuscorretora.com.br\/homolog\/?page_id=572"},"modified":"2018-02-18T12:47:34","modified_gmt":"2018-02-18T15:47:34","slug":"seguro-residencial","status":"publish","type":"page","link":"https:\/\/fatuscorretora.com.br\/site\/produtos\/pra-voce\/seguro-residencial\/","title":{"rendered":"Seguro Residencial"},"content":{"rendered":"<div class=\"wpb-content-wrapper\"><p>[vc_row full_width=&#8221;stretch_row_content_no_spaces&#8221; el_class=&#8221;imgSeguro&#8221; css=&#8221;.vc_custom_1518968620109{margin-bottom: 130px !important;}&#8221;][vc_column css=&#8221;.vc_custom_1518968597375{padding-bottom: -70px !important;}&#8221; offset=&#8221;vc_hidden-xs&#8221;][vc_single_image image=&#8221;1468&#8243; img_size=&#8221;full&#8221;][\/vc_column][\/vc_row][vc_row full_width=&#8221;stretch_row_content_no_spaces&#8221; el_class=&#8221;imgSeguro&#8221; css=&#8221;.vc_custom_1518968614394{margin-bottom: 10px !important;}&#8221;][vc_column css=&#8221;.vc_custom_1518968604850{padding-bottom: -70px !important;}&#8221; offset=&#8221;vc_hidden-lg vc_hidden-md vc_hidden-sm&#8221;][vc_single_image image=&#8221;1468&#8243; img_size=&#8221;full&#8221;][\/vc_column][\/vc_row][vc_row css=&#8221;.vc_custom_1515939260233{margin-bottom: 70px !important;}&#8221;][vc_column 0=&#8221;&#8221;][insuranced_title title=&#8221;Seguro Residencial&#8221;][vc_row_inner css=&#8221;.vc_custom_1515979884570{margin-top: 30px !important;padding-right: 100px !important;padding-left: 100px !important;}&#8221;][vc_column_inner width=&#8221;1\/2&#8243; offset=&#8221;vc_hidden-xs&#8221;][insuranced_text_block 0=&#8221;&#8221;]<\/p>\n<p style=\"color: #6d96c2;\"><strong>O QUE \u00c9 UM SEGURO RESIDENCIAL?<\/strong><\/p>\n<p>Contratar um seguro para a sua casa \u00e9 proteger o seu lar e o seu patrim\u00f4nio, por um custo que cabe no seu bolso.\u00a0Outra vantagem do seguro residencial s\u00e3o os servi\u00e7os que v\u00eaem vinculados a ele, como profissionais sempre dispostos a cuidar de imprevistos do seu dia-a-dia. Confira abaixo as coberturas e benef\u00edcios dele.<\/p>\n<p>[\/insuranced_text_block][insuranced_text_block 0=&#8221;&#8221;]<\/p>\n<p style=\"color: #6d96c2;\"><strong>COBERTURAS<\/strong><\/p>\n<p><strong>Responsabilidade Civil<\/strong><br \/>\nCobre danos involunt\u00e1rios, materiais ou corporais, causados a terceiros. Abrange familiares, animais ou empregados registrados.<\/p>\n<p><strong>Danos a vidros<\/strong><br \/>\nCobre a quebra de vidros internos, externos, espelhos e box, desde que instalados de forma fixa no interior da resid\u00eancia.<\/p>\n<p><strong>Vendaval, granizo e tornado<\/strong><br \/>\nGarante a indeniza\u00e7\u00e3o das perdas ou danos causados ao im\u00f3vel, diante destes e outros incidentes como furac\u00e3o e tornado.[\/insuranced_text_block][\/vc_column_inner][vc_column_inner width=&#8221;1\/2&#8243; offset=&#8221;vc_hidden-xs&#8221;][insuranced_text_block 0=&#8221;&#8221;]<\/p>\n<p style=\"color: #6d96c2;\"><strong>COBERTURAS<\/strong><\/p>\n<p><strong>Inc\u00eandio, raio e explos\u00e3o (Cobertura B\u00e1sica Residencial)<\/strong><br \/>\nCobre as perdas ou danos causados por inc\u00eandio e queda de raio no terreno segurado, al\u00e9m de explos\u00e3o de qualquer natureza.<\/p>\n<p><strong>Roubo e furto<\/strong><br \/>\nCobre o roubo ou furto de bens, al\u00e9m dos respectivos danos causados a portas, janelas, fechaduras, al\u00e9m de outras partes do im\u00f3vel.<\/p>\n<p><strong>Danos el\u00e9tricos<\/strong><br \/>\nCobre os danos causados a fios e aparelhos pelo calor gerado por acidente el\u00e9trico, inclusive raios fora da resid\u00eancia segurada.<\/p>\n<p><strong>Assist\u00eancia Residencial<\/strong><br \/>\nServi\u00e7os de manuten\u00e7\u00e3o e de emerg\u00eancia como chaveiro, encanador, eletricista, desentupidor e mais. Dispon\u00edvel 24h.[\/insuranced_text_block][\/vc_column_inner][\/vc_row_inner][vc_row_inner css=&#8221;.vc_custom_1518968637326{margin-top: 0px !important;padding-right: 10px !important;padding-left: 10px !important;}&#8221;][vc_column_inner width=&#8221;1\/2&#8243; offset=&#8221;vc_hidden-lg vc_hidden-md vc_hidden-sm&#8221;][insuranced_text_block 0=&#8221;&#8221;]<\/p>\n<p style=\"color: #6d96c2;\"><strong>O QUE \u00c9 UM SEGURO RESIDENCIAL?<\/strong><\/p>\n<p>Contratar um seguro para a sua casa \u00e9 proteger o seu lar e o seu patrim\u00f4nio, por um custo que cabe no seu bolso.\u00a0Outra vantagem do seguro residencial s\u00e3o os servi\u00e7os que v\u00eaem vinculados a ele, como profissionais sempre dispostos a cuidar de imprevistos do seu dia-a-dia. Confira abaixo as coberturas e benef\u00edcios dele.<\/p>\n<p>[\/insuranced_text_block][insuranced_text_block 0=&#8221;&#8221;]<\/p>\n<p style=\"color: #6d96c2;\"><strong>COBERTURAS<\/strong><\/p>\n<p><strong>Responsabilidade Civil<\/strong><br \/>\nCobre danos involunt\u00e1rios, materiais ou corporais, causados a terceiros. Abrange familiares, animais ou empregados registrados.<\/p>\n<p><strong>Danos a vidros<\/strong><br \/>\nCobre a quebra de vidros internos, externos, espelhos e box, desde que instalados de forma fixa no interior da resid\u00eancia.<\/p>\n<p><strong>Vendaval, granizo e tornado<\/strong><br \/>\nGarante a indeniza\u00e7\u00e3o das perdas ou danos causados ao im\u00f3vel, diante destes e outros incidentes como furac\u00e3o e tornado.[\/insuranced_text_block][\/vc_column_inner][vc_column_inner width=&#8221;1\/2&#8243; offset=&#8221;vc_hidden-lg vc_hidden-md vc_hidden-sm&#8221;][insuranced_text_block 0=&#8221;&#8221;]<\/p>\n<p style=\"color: #6d96c2;\"><strong>COBERTURAS<\/strong><\/p>\n<p><strong>Inc\u00eandio, raio e explos\u00e3o (Cobertura B\u00e1sica Residencial)<\/strong><br \/>\nCobre as perdas ou danos causados por inc\u00eandio e queda de raio no terreno segurado, al\u00e9m de explos\u00e3o de qualquer natureza.<\/p>\n<p><strong>Roubo e furto<\/strong><br \/>\nCobre o roubo ou furto de bens, al\u00e9m dos respectivos danos causados a portas, janelas, fechaduras, al\u00e9m de outras partes do im\u00f3vel.<\/p>\n<p><strong>Danos el\u00e9tricos<\/strong><br \/>\nCobre os danos causados a fios e aparelhos pelo calor gerado por acidente el\u00e9trico, inclusive raios fora da resid\u00eancia segurada.<\/p>\n<p><strong>Assist\u00eancia Residencial<\/strong><br \/>\nServi\u00e7os de manuten\u00e7\u00e3o e de emerg\u00eancia como chaveiro, encanador, eletricista, desentupidor e mais. Dispon\u00edvel 24h.[\/insuranced_text_block][\/vc_column_inner][\/vc_row_inner][\/vc_column][\/vc_row][vc_row 0=&#8221;&#8221;][vc_column 0=&#8221;&#8221; offset=&#8221;vc_hidden-xs&#8221;][insuranced_contact_form_tabs2 items=&#8221;%5B%7B%22tabtitle%22%3A%22Cote%20agora%22%2C%22form%22%3A%221111%22%2C%22image%22%3A%221273%22%7D%5D&#8221;][\/vc_column][\/vc_row][vc_row 0=&#8221;&#8221;][vc_column 0=&#8221;&#8221; offset=&#8221;vc_hidden-lg vc_hidden-md vc_hidden-sm&#8221;][insuranced_contact_form_tabs2 items=&#8221;%5B%7B%22tabtitle%22%3A%22Cote%20agora%22%2C%22form%22%3A%221398%22%2C%22image%22%3A%221273%22%7D%5D&#8221;][\/vc_column][\/vc_row]<\/p>\n<\/div>","protected":false},"excerpt":{"rendered":"<p>[vc_row full_width=&#8221;stretch_row_content_no_spaces&#8221; el_class=&#8221;imgSeguro&#8221; css=&#8221;.vc_custom_1518968620109{margin-bottom: 130px !important;}&#8221;][vc_column css=&#8221;.vc_custom_1518968597375{padding-bottom: -70px !important;}&#8221; offset=&#8221;vc_hidden-xs&#8221;][vc_single_image image=&#8221;1468&#8243; img_size=&#8221;full&#8221;][\/vc_column][\/vc_row][vc_row full_width=&#8221;stretch_row_content_no_spaces&#8221; el_class=&#8221;imgSeguro&#8221; css=&#8221;.vc_custom_1518968614394{margin-bottom: 10px !important;}&#8221;][vc_column css=&#8221;.vc_custom_1518968604850{padding-bottom: -70px !important;}&#8221; offset=&#8221;vc_hidden-lg vc_hidden-md vc_hidden-sm&#8221;][vc_single_image image=&#8221;1468&#8243; img_size=&#8221;full&#8221;][\/vc_column][\/vc_row][vc_row css=&#8221;.vc_custom_1515939260233{margin-bottom: 70px !important;}&#8221;][vc_column 0=&#8221;&#8221;][insuranced_title title=&#8221;Seguro Residencial&#8221;][vc_row_inner css=&#8221;.vc_custom_1515979884570{margin-top: 30px !important;padding-right: 100px !important;padding-left: 100px !important;}&#8221;][vc_column_inner width=&#8221;1\/2&#8243; offset=&#8221;vc_hidden-xs&#8221;][insuranced_text_block 0=&#8221;&#8221;] O QUE \u00c9 UM SEGURO RESIDENCIAL? Contratar um seguro para a sua casa \u00e9 [&hellip;]<\/p>\n","protected":false},"author":1,"featured_media":0,"parent":660,"menu_order":0,"comment_status":"closed","ping_status":"closed","template":"","meta":{"_exactmetrics_skip_tracking":false,"_exactmetrics_sitenote_active":false,"_exactmetrics_sitenote_note":"","_exactmetrics_sitenote_category":0,"footnotes":""},"class_list":["post-572","page","type-page","status-publish","hentry"],"_links":{"self":[{"href":"https:\/\/fatuscorretora.com.br\/site\/wp-json\/wp\/v2\/pages\/572","targetHints":{"allow":["GET"]}}],"collection":[{"href":"https:\/\/fatuscorretora.com.br\/site\/wp-json\/wp\/v2\/pages"}],"about":[{"href":"https:\/\/fatuscorretora.com.br\/site\/wp-json\/wp\/v2\/types\/page"}],"author":[{"embeddable":true,"href":"https:\/\/fatuscorretora.com.br\/site\/wp-json\/wp\/v2\/users\/1"}],"replies":[{"embeddable":true,"href":"https:\/\/fatuscorretora.com.br\/site\/wp-json\/wp\/v2\/comments?post=572"}],"version-history":[{"count":18,"href":"https:\/\/fatuscorretora.com.br\/site\/wp-json\/wp\/v2\/pages\/572\/revisions"}],"predecessor-version":[{"id":1499,"href":"https:\/\/fatuscorretora.com.br\/site\/wp-json\/wp\/v2\/pages\/572\/revisions\/1499"}],"up":[{"embeddable":true,"href":"https:\/\/fatuscorretora.com.br\/site\/wp-json\/wp\/v2\/pages\/660"}],"wp:attachment":[{"href":"https:\/\/fatuscorretora.com.br\/site\/wp-json\/wp\/v2\/media?parent=572"}],"curies":[{"name":"wp","href":"https:\/\/api.w.org\/{rel}","templated":true}]}}