{"id":582,"date":"2018-01-14T22:48:57","date_gmt":"2018-01-15T01:48:57","guid":{"rendered":"http:\/\/fatuscorretora.com.br\/homolog\/?page_id=582"},"modified":"2018-09-21T16:27:08","modified_gmt":"2018-09-21T19:27:08","slug":"seguro-empresa","status":"publish","type":"page","link":"https:\/\/fatuscorretora.com.br\/site\/produtos\/pra-empresa\/seguro-empresa\/","title":{"rendered":"Seguro Empresarial"},"content":{"rendered":"<div class=\"wpb-content-wrapper\"><p>[vc_row full_width=&#8221;stretch_row_content_no_spaces&#8221; el_class=&#8221;imgSeguro&#8221; css=&#8221;.vc_custom_1517363367140{margin-bottom: 50px !important;}&#8221;][vc_column offset=&#8221;vc_hidden-xs&#8221;][vc_single_image image=&#8221;1465&#8243; img_size=&#8221;full&#8221;][\/vc_column][\/vc_row][vc_row full_width=&#8221;stretch_row_content_no_spaces&#8221; el_class=&#8221;imgSeguro&#8221; css=&#8221;.vc_custom_1521428344845{margin-bottom: 90px !important;}&#8221;][vc_column offset=&#8221;vc_hidden-lg vc_hidden-md vc_hidden-sm&#8221;][vc_single_image image=&#8221;1465&#8243; img_size=&#8221;full&#8221; css=&#8221;.vc_custom_1518965544838{margin-top: 90px !important;}&#8221;][\/vc_column][\/vc_row][vc_row css=&#8221;.vc_custom_1515939260233{margin-bottom: 70px !important;}&#8221;][vc_column][insuranced_title title=&#8221;Seguro Empresarial&#8221;][vc_row_inner css=&#8221;.vc_custom_1515977169426{padding-right: 100px !important;padding-left: 100px !important;}&#8221;][vc_column_inner width=&#8221;1\/2&#8243; offset=&#8221;vc_hidden-xs&#8221;][insuranced_text_block]<\/p>\n<p style=\"color: #6d96c2;\"><strong>O QUE \u00c9 UM SEGURO EMPRESARIAL?<\/strong><\/p>\n<p>O seguro voltado para empresas cuida do seu patrim\u00f4nio e permite seguran\u00e7a e economia para o segurado. Possuir um neg\u00f3cio \u00e9 ampliar a sua casa e ter mais um lar, logo, proteg\u00ea-lo \u00e9 fundamental. O primeiro passo da consolida\u00e7\u00e3o de uma empresa \u00e9 realizar o seguro empresarial, permitindo tranq\u00fcilidade para tocar seu neg\u00f3cio. O seguro abrange diversos estabelecimentos, como comercial, industrial e at\u00e9 presta\u00e7\u00e3o de servi\u00e7os.<\/p>\n<p>Entre as coberturas oferecidas temos:\u00a0 contra inc\u00eandio, fuma\u00e7a e explos\u00e3o, al\u00e9m das opcionais que v\u00e3o desde danos el\u00e9trico at\u00e9 tumulto. Conhe\u00e7a abaixo as coberturas oferecidas:[\/insuranced_text_block][\/vc_column_inner][vc_column_inner width=&#8221;1\/2&#8243; offset=&#8221;vc_hidden-xs&#8221;][insuranced_text_block]<\/p>\n<p style=\"color: #6d96c2;\"><strong>COBERTURA B\u00c1SICA<\/strong><\/p>\n<p><strong>Inc\u00eandio, explos\u00e3o e fuma\u00e7a<br \/>\n<\/strong>Abrange os danos materiais causados por inc\u00eandio e explos\u00e3o, onde quer que tenham se originado, seja por\u00a0\u00a0fuma\u00e7a proveniente de problemas no funcionamento de qualquer aparelho instalado no\u00a0estabelecimento, ou por fuma\u00e7a proveniente de inc\u00eandio ocorrido fora do terreno no qual se localiza o mesmo.[\/insuranced_text_block][\/vc_column_inner][\/vc_row_inner][vc_row_inner css=&#8221;.vc_custom_1517406310160{padding-right: 10px !important;padding-left: 10px !important;}&#8221;][vc_column_inner width=&#8221;1\/2&#8243; offset=&#8221;vc_hidden-lg vc_hidden-md vc_hidden-sm&#8221;][insuranced_text_block]<\/p>\n<p style=\"color: #6d96c2;\"><strong>O QUE \u00c9 UM SEGURO EMPRESARIAL?<\/strong><\/p>\n<p>O seguro voltado para empresas cuida do seu patrim\u00f4nio e permite seguran\u00e7a e economia para o segurado. Possuir um neg\u00f3cio \u00e9 ampliar a sua casa e ter mais um lar, logo, proteg\u00ea-lo \u00e9 fundamental. O primeiro passo da consolida\u00e7\u00e3o de uma empresa \u00e9 realizar o seguro empresarial, permitindo tranq\u00fcilidade para tocar seu neg\u00f3cio. O seguro abrange diversos estabelecimentos, como comercial, industrial e at\u00e9 presta\u00e7\u00e3o de servi\u00e7os.<\/p>\n<p>Entre as coberturas oferecidas temos:\u00a0 contra inc\u00eandio, fuma\u00e7a e explos\u00e3o, al\u00e9m das opcionais que v\u00e3o desde danos el\u00e9trico at\u00e9 tumulto. Conhe\u00e7a abaixo as coberturas oferecidas:[\/insuranced_text_block][\/vc_column_inner][vc_column_inner width=&#8221;1\/2&#8243; offset=&#8221;vc_hidden-lg vc_hidden-md vc_hidden-sm&#8221;][insuranced_text_block]<\/p>\n<p style=\"color: #6d96c2;\"><strong>COBERTURA B\u00c1SICA<\/strong><\/p>\n<p><strong>Inc\u00eandio, explos\u00e3o e fuma\u00e7a<br \/>\n<\/strong>Abrange os danos materiais causados por inc\u00eandio e explos\u00e3o, onde quer que tenham se originado, seja por\u00a0\u00a0fuma\u00e7a proveniente de problemas no funcionamento de qualquer aparelho instalado no\u00a0estabelecimento, ou por fuma\u00e7a proveniente de inc\u00eandio ocorrido fora do terreno no qual se localiza o mesmo.[\/insuranced_text_block][\/vc_column_inner][\/vc_row_inner][vc_row_inner css=&#8221;.vc_custom_1515976567720{margin-top: 30px !important;padding-right: 100px !important;padding-left: 100px !important;}&#8221;][vc_column_inner width=&#8221;1\/2&#8243; offset=&#8221;vc_hidden-xs&#8221;][insuranced_text_block]<\/p>\n<p style=\"color: #6d96c2;\"><strong>COBERTURAS ADICIONAIS<\/strong><\/p>\n<p><strong>Danos morais<\/strong><br \/>\nAmpara danos morais diretamente decorrentes de danos materiais ou corporais causados a terceiros e efetivamente indenizados nos termos previstos na cobertura Responsabilidade Civil contratada.<\/p>\n<p><strong>Responsabilidade civil<\/strong><br \/>\nGarante o reembolso relativo as despesas de danos causados a terceiros, decorrentes de atividades desenvolvidas dentro da empresa.<\/p>\n<p><strong>Despesas com instala\u00e7\u00e3o em novo local<\/strong><br \/>\n\u00c9 garantia para o segurado, caso mude de local em car\u00e1ter definitivo em decorr\u00eancia de sinistro coberto por esta ap\u00f3lice.<\/p>\n<p><strong>Despesas fixas<\/strong><br \/>\nGarantem o pagamento das contas fixas (\u00e1gua, luz, impostos, sal\u00e1rios, etc) em caso de inc\u00eandio, explos\u00e3o e fuma\u00e7a. Essa cobertura tamb\u00e9m poder\u00e1 ser contratada em decorr\u00eancia de danos el\u00e9tricos, tumultos e vendavais.<\/p>\n<p><strong>Equipamentos cinematogr\u00e1ficos<\/strong><br \/>\nGarante os danos causados aos equipamentos cinematogr\u00e1ficos, fotogr\u00e1ficos e eletr\u00f4nicos de \u00e1udio, v\u00eddeo e telefonia do estabelecimento segurado, em decorr\u00eancia de qualquer acidente de causa externa.<\/p>\n<p><strong>Equipamentos m\u00f3veis e empilhadeiras<\/strong><br \/>\nGarantem os danos causados aos equipamentos m\u00f3veis do estabelecimento segurado em decorr\u00eancia de qualquer acidente de causa externa.<\/p>\n<p><strong>Fidelidade empregados<\/strong><br \/>\nGarante os preju\u00edzos que o segurado venha a sofrer em conseq\u00fc\u00eancia de crimes praticados contra o seu patrim\u00f4nio pelos seus empregados.<\/p>\n<p><strong>Flutuante locais n\u00e3o especificados<\/strong><br \/>\nGarante, em caso de inc\u00eandio, os bens inerentes a sua atividade, quando se encontrarem em locais de terceiros para guarda, cust\u00f3dia, beneficiamento, usinagem e outros trabalhos, desde que tais bens n\u00e3o estejam amparados por seguros espec\u00edficos, contratados por esses terceiros.<\/p>\n<p><strong>Perda ou pagamento de aluguel do im\u00f3vel<\/strong><br \/>\nCaso o im\u00f3vel fique indispon\u00edvel para a pr\u00e1tica da atividade empresarial em decorr\u00eancia de inc\u00eandio, explos\u00e3o e fuma\u00e7a, o seguro empresarial garante a cobertura para pagamento do aluguel.<\/p>\n<p><strong>Subtra\u00e7\u00e3o de bens e mercadorias<\/strong><br \/>\nGarante a subtra\u00e7\u00e3o de m\u00e1quinas, equipamentos e\/ou mercadorias mediante amea\u00e7a ao segurado ou arrombamento do local.[\/insuranced_text_block][insuranced_button align=&#8221;left&#8221; button=&#8221;url:http%3A%2F%2Ffatuscorretora.com.br%2Fsite%2Fcotacao-com-corretor%2F|title:Cota%C3%A7%C3%A3o%20com%20a%20Fatus||&#8221; color=&#8221;#ffffff&#8221; bgcolor=&#8221;#4486bf&#8221; css=&#8221;.vc_custom_1537557740198{margin-top: 35px !important;}&#8221;][\/vc_column_inner][vc_column_inner width=&#8221;1\/2&#8243; offset=&#8221;vc_hidden-xs&#8221;][insuranced_text_block]<\/p>\n<p style=\"color: white;\">.<\/p>\n<p><strong>Subtra\u00e7\u00e3o de valores<\/strong><br \/>\nGarante valores subtra\u00eddos dentro da empresa mediante amea\u00e7a ao segurado ou arrombamento do local que deixe vest\u00edgios ou ainda em trajetos externos.<\/p>\n<p><strong>Tumultos<\/strong><br \/>\nDanos ao im\u00f3vel e ao seu conte\u00fado, causados por tumultos ou greves.<\/p>\n<p><strong>Responsabilidade civil guarda de ve\u00edculos de terceiros (cobertura simples ou ampla)\u00a0<\/strong><br \/>\nGarante o reembolso relativo a danos aos ve\u00edculos de terceiros sob a guarda do segurado em decorr\u00eancia de inc\u00eandio e subtra\u00e7\u00e3o total do ve\u00edculo. Ampara tamb\u00e9m a colis\u00e3o quando optar pela cobertura ampla.<\/p>\n<p><strong>Vendaval, furac\u00e3o, ciclone, tornado e queda de granizo<\/strong><br \/>\nGarantem o destelhamento por ventos fortes.<\/p>\n<p><strong>Equipamentos eletr\u00f4nicos com ou sem subtra\u00e7\u00e3o<\/strong><br \/>\nDanos a equipamentos eletr\u00f4nicos de baixa voltagem, inclusive de inform\u00e1tica causados por inc\u00eandio, explos\u00e3o, danos el\u00e9tricos, transportes internos e subtra\u00e7\u00e3o, mediante amea\u00e7a ao segurado ou arrombamento do local que deixe vest\u00edgios.<\/p>\n<p><strong>Contamina\u00e7\u00e3o e deteriora\u00e7\u00e3o de mercadorias em ambiente frigorificado<\/strong><br \/>\nGarantem a reposi\u00e7\u00e3o das mercadorias em ambiente frigorificado que sofrerem deteriora\u00e7\u00e3o por falta de energia el\u00e9trica e tamb\u00e9m por quebra ou ruptura do sistema de refrigera\u00e7\u00e3o.<\/p>\n<p><strong>Lucros cessantes<\/strong><br \/>\nGarantem o pagamento de despesas fixas e lucro l\u00edquido mensal em caso de queda de faturamento por inc\u00eandio. Essa cobertura tamb\u00e9m poder\u00e1 ser contratada em decorr\u00eancia de danos el\u00e9tricos, tumultos e vendaval.<\/p>\n<p><strong>Sprinkles<\/strong><br \/>\nGarantem os danos causados por derrames acidentais de \u00e1gua ou outra subst\u00e2ncia l\u00edquida contida em instala\u00e7\u00f5es de chuveiros autom\u00e1ticos (sprinklers).<\/p>\n<p><strong>Responsabilidade civil empregador<\/strong><br \/>\nCobre danos por acidentes s\u00fabitos e inesperados causados aos empregados, quando a servi\u00e7o do segurado.<\/p>\n<p><strong>Danos el\u00e9tricos<\/strong><br \/>\nGarantem danos a aparelhos e instala\u00e7\u00f5es el\u00e9tricas ou eletr\u00f4nicas, causados por curto-circuito, varia\u00e7\u00e3o de tens\u00e3o ou queda de raio.<\/p>\n<p><strong>Desmoronamento<\/strong><br \/>\nGarante os danos materiais causados a empresa em decorr\u00eancia de desmoronamento total ou parcial do im\u00f3vel segurado.[\/insuranced_text_block][\/vc_column_inner][\/vc_row_inner][vc_row_inner css=&#8221;.vc_custom_1517406397084{margin-top: 30px !important;padding-right: 10px !important;padding-left: 10px !important;}&#8221;][vc_column_inner width=&#8221;1\/2&#8243; offset=&#8221;vc_hidden-lg vc_hidden-md vc_hidden-sm&#8221;][insuranced_text_block]<\/p>\n<p style=\"color: #6d96c2;\"><strong>COBERTURAS ADICIONAIS<\/strong><\/p>\n<p><strong>Danos morais<\/strong><br \/>\nAmpara danos morais diretamente decorrentes de danos materiais ou corporais causados a terceiros e efetivamente indenizados nos termos previstos na cobertura Responsabilidade Civil contratada.<\/p>\n<p><strong>Responsabilidade civil<\/strong><br \/>\nGarante o reembolso relativo as despesas de danos causados a terceiros, decorrentes de atividades desenvolvidas dentro da empresa.<\/p>\n<p><strong>Despesas com instala\u00e7\u00e3o em novo local<\/strong><br \/>\n\u00c9 garantia para o segurado, caso mude de local em car\u00e1ter definitivo em decorr\u00eancia de sinistro coberto por esta ap\u00f3lice.<\/p>\n<p><strong>Despesas fixas<\/strong><br \/>\nGarantem o pagamento das contas fixas (\u00e1gua, luz, impostos, sal\u00e1rios, etc) em caso de inc\u00eandio, explos\u00e3o e fuma\u00e7a. Essa cobertura tamb\u00e9m poder\u00e1 ser contratada em decorr\u00eancia de danos el\u00e9tricos, tumultos e vendavais.<\/p>\n<p><strong>Equipamentos cinematogr\u00e1ficos<\/strong><br \/>\nGarante os danos causados aos equipamentos cinematogr\u00e1ficos, fotogr\u00e1ficos e eletr\u00f4nicos de \u00e1udio, v\u00eddeo e telefonia do estabelecimento segurado, em decorr\u00eancia de qualquer acidente de causa externa.<\/p>\n<p><strong>Equipamentos m\u00f3veis e empilhadeiras<\/strong><br \/>\nGarantem os danos causados aos equipamentos m\u00f3veis do estabelecimento segurado em decorr\u00eancia de qualquer acidente de causa externa.<\/p>\n<p><strong>Fidelidade empregados<\/strong><br \/>\nGarante os preju\u00edzos que o segurado venha a sofrer em conseq\u00fc\u00eancia de crimes praticados contra o seu patrim\u00f4nio pelos seus empregados.<\/p>\n<p><strong>Flutuante locais n\u00e3o especificados<\/strong><br \/>\nGarante, em caso de inc\u00eandio, os bens inerentes a sua atividade, quando se encontrarem em locais de terceiros para guarda, cust\u00f3dia, beneficiamento, usinagem e outros trabalhos, desde que tais bens n\u00e3o estejam amparados por seguros espec\u00edficos, contratados por esses terceiros.<\/p>\n<p><strong>Perda ou pagamento de aluguel do im\u00f3vel<\/strong><br \/>\nCaso o im\u00f3vel fique indispon\u00edvel para a pr\u00e1tica da atividade empresarial em decorr\u00eancia de inc\u00eandio, explos\u00e3o e fuma\u00e7a, o seguro empresarial garante a cobertura para pagamento do aluguel.<\/p>\n<p><strong>Subtra\u00e7\u00e3o de bens e mercadorias<\/strong><br \/>\nGarante a subtra\u00e7\u00e3o de m\u00e1quinas, equipamentos e\/ou mercadorias mediante amea\u00e7a ao segurado ou arrombamento do local.[\/insuranced_text_block][\/vc_column_inner][vc_column_inner width=&#8221;1\/2&#8243; offset=&#8221;vc_hidden-lg vc_hidden-md vc_hidden-sm&#8221;][insuranced_text_block]<\/p>\n<p style=\"color: white;\">.<\/p>\n<p><strong>Subtra\u00e7\u00e3o de valores<\/strong><br \/>\nGarante valores subtra\u00eddos dentro da empresa mediante amea\u00e7a ao segurado ou arrombamento do local que deixe vest\u00edgios ou ainda em trajetos externos.<\/p>\n<p><strong>Tumultos<\/strong><br \/>\nDanos ao im\u00f3vel e ao seu conte\u00fado, causados por tumultos ou greves.<\/p>\n<p><strong>Responsabilidade civil guarda de ve\u00edculos de terceiros (cobertura simples ou ampla)\u00a0<\/strong><br \/>\nGarante o reembolso relativo a danos aos ve\u00edculos de terceiros sob a guarda do segurado em decorr\u00eancia de inc\u00eandio e subtra\u00e7\u00e3o total do ve\u00edculo. Ampara tamb\u00e9m a colis\u00e3o quando optar pela cobertura ampla.<\/p>\n<p><strong>Vendaval, furac\u00e3o, ciclone, tornado e queda de granizo<\/strong><br \/>\nGarantem o destelhamento por ventos fortes.<\/p>\n<p><strong>Equipamentos eletr\u00f4nicos com ou sem subtra\u00e7\u00e3o<\/strong><br \/>\nDanos a equipamentos eletr\u00f4nicos de baixa voltagem, inclusive de inform\u00e1tica causados por inc\u00eandio, explos\u00e3o, danos el\u00e9tricos, transportes internos e subtra\u00e7\u00e3o, mediante amea\u00e7a ao segurado ou arrombamento do local que deixe vest\u00edgios.<\/p>\n<p><strong>Contamina\u00e7\u00e3o e deteriora\u00e7\u00e3o de mercadorias em ambiente frigorificado<\/strong><br \/>\nGarantem a reposi\u00e7\u00e3o das mercadorias em ambiente frigorificado que sofrerem deteriora\u00e7\u00e3o por falta de energia el\u00e9trica e tamb\u00e9m por quebra ou ruptura do sistema de refrigera\u00e7\u00e3o.<\/p>\n<p><strong>Lucros cessantes<\/strong><br \/>\nGarantem o pagamento de despesas fixas e lucro l\u00edquido mensal em caso de queda de faturamento por inc\u00eandio. Essa cobertura tamb\u00e9m poder\u00e1 ser contratada em decorr\u00eancia de danos el\u00e9tricos, tumultos e vendaval.<\/p>\n<p><strong>Sprinkles<\/strong><br \/>\nGarantem os danos causados por derrames acidentais de \u00e1gua ou outra subst\u00e2ncia l\u00edquida contida em instala\u00e7\u00f5es de chuveiros autom\u00e1ticos (sprinklers).<\/p>\n<p><strong>Responsabilidade civil empregador<\/strong><br \/>\nCobre danos por acidentes s\u00fabitos e inesperados causados aos empregados, quando a servi\u00e7o do segurado.<\/p>\n<p><strong>Danos el\u00e9tricos<\/strong><br \/>\nGarantem danos a aparelhos e instala\u00e7\u00f5es el\u00e9tricas ou eletr\u00f4nicas, causados por curto-circuito, varia\u00e7\u00e3o de tens\u00e3o ou queda de raio.<\/p>\n<p><strong>Desmoronamento<\/strong><br \/>\nGarante os danos materiais causados a empresa em decorr\u00eancia de desmoronamento total ou parcial do im\u00f3vel segurado.[\/insuranced_text_block][insuranced_button align=&#8221;left&#8221; button=&#8221;url:http%3A%2F%2Ffatuscorretora.com.br%2Fsite%2Fcotacao-com-corretor%2F|title:Cota%C3%A7%C3%A3o%20com%20a%20Fatus||&#8221; color=&#8221;#ffffff&#8221; bgcolor=&#8221;#4486bf&#8221; css=&#8221;.vc_custom_1537557751181{margin-top: 35px !important;}&#8221;][\/vc_column_inner][\/vc_row_inner][\/vc_column][\/vc_row]<\/p>\n<\/div>","protected":false},"excerpt":{"rendered":"<p>[vc_row full_width=&#8221;stretch_row_content_no_spaces&#8221; el_class=&#8221;imgSeguro&#8221; css=&#8221;.vc_custom_1517363367140{margin-bottom: 50px !important;}&#8221;][vc_column offset=&#8221;vc_hidden-xs&#8221;][vc_single_image image=&#8221;1465&#8243; img_size=&#8221;full&#8221;][\/vc_column][\/vc_row][vc_row full_width=&#8221;stretch_row_content_no_spaces&#8221; el_class=&#8221;imgSeguro&#8221; css=&#8221;.vc_custom_1521428344845{margin-bottom: 90px !important;}&#8221;][vc_column offset=&#8221;vc_hidden-lg vc_hidden-md vc_hidden-sm&#8221;][vc_single_image image=&#8221;1465&#8243; img_size=&#8221;full&#8221; css=&#8221;.vc_custom_1518965544838{margin-top: 90px !important;}&#8221;][\/vc_column][\/vc_row][vc_row css=&#8221;.vc_custom_1515939260233{margin-bottom: 70px !important;}&#8221;][vc_column][insuranced_title title=&#8221;Seguro Empresarial&#8221;][vc_row_inner css=&#8221;.vc_custom_1515977169426{padding-right: 100px !important;padding-left: 100px !important;}&#8221;][vc_column_inner width=&#8221;1\/2&#8243; offset=&#8221;vc_hidden-xs&#8221;][insuranced_text_block] O QUE \u00c9 UM SEGURO EMPRESARIAL? O seguro voltado para empresas cuida do seu patrim\u00f4nio e permite seguran\u00e7a e economia para [&hellip;]<\/p>\n","protected":false},"author":1,"featured_media":0,"parent":661,"menu_order":0,"comment_status":"closed","ping_status":"closed","template":"","meta":{"_exactmetrics_skip_tracking":false,"_exactmetrics_sitenote_active":false,"_exactmetrics_sitenote_note":"","_exactmetrics_sitenote_category":0,"footnotes":""},"class_list":["post-582","page","type-page","status-publish","hentry"],"_links":{"self":[{"href":"https:\/\/fatuscorretora.com.br\/site\/wp-json\/wp\/v2\/pages\/582","targetHints":{"allow":["GET"]}}],"collection":[{"href":"https:\/\/fatuscorretora.com.br\/site\/wp-json\/wp\/v2\/pages"}],"about":[{"href":"https:\/\/fatuscorretora.com.br\/site\/wp-json\/wp\/v2\/types\/page"}],"author":[{"embeddable":true,"href":"https:\/\/fatuscorretora.com.br\/site\/wp-json\/wp\/v2\/users\/1"}],"replies":[{"embeddable":true,"href":"https:\/\/fatuscorretora.com.br\/site\/wp-json\/wp\/v2\/comments?post=582"}],"version-history":[{"count":19,"href":"https:\/\/fatuscorretora.com.br\/site\/wp-json\/wp\/v2\/pages\/582\/revisions"}],"predecessor-version":[{"id":1926,"href":"https:\/\/fatuscorretora.com.br\/site\/wp-json\/wp\/v2\/pages\/582\/revisions\/1926"}],"up":[{"embeddable":true,"href":"https:\/\/fatuscorretora.com.br\/site\/wp-json\/wp\/v2\/pages\/661"}],"wp:attachment":[{"href":"https:\/\/fatuscorretora.com.br\/site\/wp-json\/wp\/v2\/media?parent=582"}],"curies":[{"name":"wp","href":"https:\/\/api.w.org\/{rel}","templated":true}]}}