{"id":590,"date":"2018-01-14T23:31:32","date_gmt":"2018-01-15T02:31:32","guid":{"rendered":"http:\/\/fatuscorretora.com.br\/homolog\/?page_id=590"},"modified":"2018-11-27T14:47:49","modified_gmt":"2018-11-27T17:47:49","slug":"seguro-auto-frotas","status":"publish","type":"page","link":"https:\/\/fatuscorretora.com.br\/site\/produtos\/pra-empresa\/seguro-auto-frotas\/","title":{"rendered":"Seguro AUTO Frotas"},"content":{"rendered":"<div class=\"wpb-content-wrapper\"><p>[vc_row full_width=&#8221;stretch_row_content_no_spaces&#8221; el_class=&#8221;imgSeguro&#8221; css=&#8221;.vc_custom_1518966043272{margin-bottom: 130px !important;}&#8221;][vc_column css=&#8221;.vc_custom_1518966010592{padding-bottom: -70px !important;}&#8221; offset=&#8221;vc_hidden-xs&#8221;][vc_single_image image=&#8221;1432&#8243; img_size=&#8221;full&#8221;][\/vc_column][\/vc_row][vc_row full_width=&#8221;stretch_row_content_no_spaces&#8221; el_class=&#8221;imgSeguro&#8221; css=&#8221;.vc_custom_1518966029272{margin-bottom: 10px !important;}&#8221;][vc_column css=&#8221;.vc_custom_1518966004140{padding-bottom: -70px !important;}&#8221; offset=&#8221;vc_hidden-lg vc_hidden-md vc_hidden-sm&#8221;][vc_single_image image=&#8221;1432&#8243; img_size=&#8221;full&#8221;][\/vc_column][\/vc_row][vc_row css=&#8221;.vc_custom_1515939260233{margin-bottom: 70px !important;}&#8221;][vc_column][insuranced_title title=&#8221;Seguro AUTO Frotas&#8221;][vc_row_inner css=&#8221;.vc_custom_1515977169426{padding-right: 100px !important;padding-left: 100px !important;}&#8221;][vc_column_inner width=&#8221;1\/2&#8243; offset=&#8221;vc_hidden-xs&#8221;][insuranced_text_block]<\/p>\n<p style=\"color: #6d96c2;\"><strong>O QUE \u00c9 UM SEGURO PARA FROTA DE VE\u00cdCULOS?<\/strong><\/p>\n<p>O seguro auto frota permite que voc\u00ea coloque todos os ve\u00edculos da sua empresa em uma \u00fanica ap\u00f3lice, garantido economia e seguran\u00e7a para todos os membros da sua equipe. A partir de dois ve\u00edculos podemos fazer uma ap\u00f3lice de frota.<\/p>\n<p>Assim como no seguro Auto, ele possui tanto as coberturas B\u00e1sicas como as adicionais. Confira abaixo:[\/insuranced_text_block][insuranced_text_block]<\/p>\n<p style=\"color: #6d96c2;\"><strong>COBERTURAS ADICIONAIS<\/strong><\/p>\n<p><strong>Carro reserva<\/strong><br \/>\nCaso o segurado fique sem ve\u00edculo devido a um sinistro, ele pode contratar esse servi\u00e7o e ficar com um carro reserva para que possa se locomover com tranq\u00fcilidade.<\/p>\n<p><strong>Cobertura de vidros<\/strong><br \/>\nEla protege os vidros laterais, dianteiros e traseiros. Contratando uma cobertura mais completa, pode-se englobar ainda as lanternas, far\u00f3is e os retrovisores.[\/insuranced_text_block][insuranced_button align=&#8221;left&#8221; button=&#8221;url:http%3A%2F%2Ffatuscorretora.com.br%2Fsite%2Fcotacao-com-corretor%2F|title:Cota%C3%A7%C3%A3o%20com%20a%20Fatus||&#8221; color=&#8221;#ffffff&#8221; bgcolor=&#8221;#4486bf&#8221; css=&#8221;.vc_custom_1537557261899{margin-top: 35px !important;}&#8221;][\/vc_column_inner][vc_column_inner width=&#8221;1\/2&#8243; offset=&#8221;vc_hidden-xs&#8221;][insuranced_text_block]<\/p>\n<p style=\"color: #6d96c2;\"><strong>COBERTURA B\u00c1SICA<\/strong><\/p>\n<p><strong>Batidas e colis\u00f5es<br \/>\n<\/strong>Perda parcial ou integral devido a batidas e\/ou colis\u00f5es.<\/p>\n<p><strong>Roubo e furto<br \/>\n<\/strong>Roubo ou furto e suas conseq\u00fc\u00eancias.<\/p>\n<p><strong>Danos da natureza e inc\u00eandio<br \/>\n<\/strong>Enchentes, inunda\u00e7\u00e3o, granizo, furac\u00e3o, terremoto, quedas de \u00e1rvores, temporais, inc\u00eandio, etc.<\/p>\n<p><strong>Assist\u00eancia 24 horas<br \/>\n<\/strong>Presta\u00e7\u00e3o de servi\u00e7os de assist\u00eancia ao autom\u00f3vel, bem como guincho para problemas el\u00e9tricos ou mec\u00e2nicos.<\/p>\n<p><strong>Danos a terceiros<\/strong><br \/>\nCaso voc\u00ea atinja o carro de outra pessoa, ela garante a indeniza\u00e7\u00e3o dos valores.<\/p>\n<p><strong>Danos corporais a terceiros<\/strong><br \/>\nEla protege as pessoas que voc\u00ea feriu em um acidente, atropelamento, etc.[\/insuranced_text_block][\/vc_column_inner][\/vc_row_inner][vc_row_inner css=&#8221;.vc_custom_1518966281355{padding-right: 10px !important;padding-left: 10px !important;}&#8221;][vc_column_inner width=&#8221;1\/2&#8243; offset=&#8221;vc_hidden-lg vc_hidden-md vc_hidden-sm&#8221;][insuranced_text_block]<\/p>\n<p style=\"color: #6d96c2;\"><strong>O QUE \u00c9 UM SEGURO PARA FROTA DE VE\u00cdCULOS?<\/strong><\/p>\n<p>O seguro auto frota permite que voc\u00ea coloque todos os ve\u00edculos da sua empresa em uma \u00fanica ap\u00f3lice, garantido economia e seguran\u00e7a para todos os membros da sua equipe.\u00a0A partir de dois ve\u00edculos podemos fazer uma ap\u00f3lice de frota.<\/p>\n<p>Assim como no seguro Auto, ele possui tanto as coberturas B\u00e1sicas como as adicionais. Confira abaixo:[\/insuranced_text_block][insuranced_text_block]<\/p>\n<p style=\"color: #6d96c2;\"><strong>COBERTURAS ADICIONAIS<\/strong><\/p>\n<p><strong>Carro reserva<\/strong><br \/>\nCaso o segurado fique sem ve\u00edculo devido a um sinistro, ele pode contratar esse servi\u00e7o e ficar com um carro reserva para que possa se locomover com tranq\u00fcilidade.<\/p>\n<p><strong>Cobertura de vidros<\/strong><br \/>\nEla protege os vidros laterais, dianteiros e traseiros. Contratando uma cobertura mais completa, pode-se englobar ainda as lanternas, far\u00f3is e os retrovisores.[\/insuranced_text_block][\/vc_column_inner][vc_column_inner width=&#8221;1\/2&#8243; offset=&#8221;vc_hidden-lg vc_hidden-md vc_hidden-sm&#8221;][insuranced_text_block]<\/p>\n<p style=\"color: #6d96c2;\"><strong>COBERTURA B\u00c1SICA<\/strong><\/p>\n<p><strong>Batidas e colis\u00f5es<br \/>\n<\/strong>Perda parcial ou integral devido a batidas e\/ou colis\u00f5es.<\/p>\n<p><strong>Roubo e furto<br \/>\n<\/strong>Roubo ou furto e suas conseq\u00fc\u00eancias.<\/p>\n<p><strong>Danos da natureza e inc\u00eandio<br \/>\n<\/strong>Enchentes, inunda\u00e7\u00e3o, granizo, furac\u00e3o, terremoto, quedas de \u00e1rvores, temporais, inc\u00eandio, etc.<\/p>\n<p><strong>Assist\u00eancia 24 horas<br \/>\n<\/strong>Presta\u00e7\u00e3o de servi\u00e7os de assist\u00eancia ao autom\u00f3vel, bem como guincho para problemas el\u00e9tricos ou mec\u00e2nicos.<\/p>\n<p><strong>Danos a terceiros<\/strong><br \/>\nCaso voc\u00ea atinja o carro de outra pessoa, ela garante a indeniza\u00e7\u00e3o dos valores.<\/p>\n<p><strong>Danos corporais a terceiros<\/strong><br \/>\nEla protege as pessoas que voc\u00ea feriu em um acidente, atropelamento, etc.[\/insuranced_text_block][insuranced_button align=&#8221;left&#8221; button=&#8221;url:http%3A%2F%2Ffatuscorretora.com.br%2Fsite%2Fcotacao-com-corretor%2F|title:Cota%C3%A7%C3%A3o%20com%20a%20Fatus||&#8221; color=&#8221;#ffffff&#8221; bgcolor=&#8221;#4486bf&#8221; css=&#8221;.vc_custom_1537557273911{margin-top: 35px !important;}&#8221;][\/vc_column_inner][\/vc_row_inner][vc_row_inner css=&#8221;.vc_custom_1515976567720{margin-top: 30px !important;padding-right: 100px !important;padding-left: 100px !important;}&#8221;][vc_column_inner width=&#8221;1\/2&#8243;][\/vc_column_inner][vc_column_inner width=&#8221;1\/2&#8243;][\/vc_column_inner][\/vc_row_inner][\/vc_column][\/vc_row]<\/p>\n<\/div>","protected":false},"excerpt":{"rendered":"<p>[vc_row full_width=&#8221;stretch_row_content_no_spaces&#8221; el_class=&#8221;imgSeguro&#8221; css=&#8221;.vc_custom_1518966043272{margin-bottom: 130px !important;}&#8221;][vc_column css=&#8221;.vc_custom_1518966010592{padding-bottom: -70px !important;}&#8221; offset=&#8221;vc_hidden-xs&#8221;][vc_single_image image=&#8221;1432&#8243; img_size=&#8221;full&#8221;][\/vc_column][\/vc_row][vc_row full_width=&#8221;stretch_row_content_no_spaces&#8221; el_class=&#8221;imgSeguro&#8221; css=&#8221;.vc_custom_1518966029272{margin-bottom: 10px !important;}&#8221;][vc_column css=&#8221;.vc_custom_1518966004140{padding-bottom: -70px !important;}&#8221; offset=&#8221;vc_hidden-lg vc_hidden-md vc_hidden-sm&#8221;][vc_single_image image=&#8221;1432&#8243; img_size=&#8221;full&#8221;][\/vc_column][\/vc_row][vc_row css=&#8221;.vc_custom_1515939260233{margin-bottom: 70px !important;}&#8221;][vc_column][insuranced_title title=&#8221;Seguro AUTO Frotas&#8221;][vc_row_inner css=&#8221;.vc_custom_1515977169426{padding-right: 100px !important;padding-left: 100px !important;}&#8221;][vc_column_inner width=&#8221;1\/2&#8243; offset=&#8221;vc_hidden-xs&#8221;][insuranced_text_block] O QUE \u00c9 UM SEGURO PARA FROTA DE VE\u00cdCULOS? O seguro auto frota permite que voc\u00ea coloque [&hellip;]<\/p>\n","protected":false},"author":1,"featured_media":0,"parent":661,"menu_order":0,"comment_status":"closed","ping_status":"closed","template":"","meta":{"_exactmetrics_skip_tracking":false,"_exactmetrics_sitenote_active":false,"_exactmetrics_sitenote_note":"","_exactmetrics_sitenote_category":0,"footnotes":""},"class_list":["post-590","page","type-page","status-publish","hentry"],"_links":{"self":[{"href":"https:\/\/fatuscorretora.com.br\/site\/wp-json\/wp\/v2\/pages\/590","targetHints":{"allow":["GET"]}}],"collection":[{"href":"https:\/\/fatuscorretora.com.br\/site\/wp-json\/wp\/v2\/pages"}],"about":[{"href":"https:\/\/fatuscorretora.com.br\/site\/wp-json\/wp\/v2\/types\/page"}],"author":[{"embeddable":true,"href":"https:\/\/fatuscorretora.com.br\/site\/wp-json\/wp\/v2\/users\/1"}],"replies":[{"embeddable":true,"href":"https:\/\/fatuscorretora.com.br\/site\/wp-json\/wp\/v2\/comments?post=590"}],"version-history":[{"count":14,"href":"https:\/\/fatuscorretora.com.br\/site\/wp-json\/wp\/v2\/pages\/590\/revisions"}],"predecessor-version":[{"id":2055,"href":"https:\/\/fatuscorretora.com.br\/site\/wp-json\/wp\/v2\/pages\/590\/revisions\/2055"}],"up":[{"embeddable":true,"href":"https:\/\/fatuscorretora.com.br\/site\/wp-json\/wp\/v2\/pages\/661"}],"wp:attachment":[{"href":"https:\/\/fatuscorretora.com.br\/site\/wp-json\/wp\/v2\/media?parent=590"}],"curies":[{"name":"wp","href":"https:\/\/api.w.org\/{rel}","templated":true}]}}